{"id":99,"date":"2015-08-10T21:58:28","date_gmt":"2015-08-10T19:58:28","guid":{"rendered":"http:\/\/127.0.0.1\/wordpress\/?page_id=99"},"modified":"2021-05-10T22:42:31","modified_gmt":"2021-05-10T20:42:31","slug":"links","status":"publish","type":"page","link":"https:\/\/www.siegerstrasse.at\/?page_id=99","title":{"rendered":"Links"},"content":{"rendered":"<p><strong>Der Tierarzt des Vertrauens von der Zuchtst\u00e4tte &#8222;von der Siegerstrasse&#8220;<\/strong><\/p>\n<p><a href=\"http:\/\/tierarzt-fohnsdorf.heimat.eu\/#start.html\" target=\"_blank\" rel=\"noopener noreferrer\">Tierarzt Dr. K\u00f6stenberger<\/a><\/p>\n<p><strong>Interessante Links<\/strong><\/p>\n<div class=\"row\"><\/div>\n<div class=\"col-md-6\">\n\n<p><a href=\"https:\/\/www.facebook.com\/wolfgang.geyer1?fref=jewel\" target=\"_blank\" rel=\"noopener noreferrer\">Facebook &#8222;von der Siegerstrasse&#8220;<\/a><\/p>\n<p><a href=\"http:\/\/www.svoe-schaeferhund.at\/\" target=\"_blank\" rel=\"noopener noreferrer\">Sch\u00e4ferhundeverein \u00d6sterreich<\/a><\/p>\n<p><a href=\"http:\/\/www.oekv.at\/\" target=\"_blank\" rel=\"noopener noreferrer\">\u00d6sterreichischer Kynologenverband<\/a><\/p>\n<p><a href=\"http:\/\/www.schaeferhund.de\/\" target=\"_blank\" rel=\"noopener noreferrer\">SV Deutschland<\/a><\/p>\n<p><a href=\"http:\/\/www.fciwm-austria.at\/\">FCI-WM Austria<\/a><\/p>\n<p><a href=\"http:\/\/www.svoe-kapfenberg-bruck.eu\/\" target=\"_blank\" rel=\"noopener noreferrer\">OG 46 Kapfenberg-Bruck<\/a><\/p>\n<p><a href=\"http:\/\/hypnose-spezialist.at\" target=\"_blank\" rel=\"noopener noreferrer\">Hypnose-Spezialist Marco Wrabl<\/a><\/p>\n<\/div>\n<div class=\"col-md-6\">\n\n<p><a href=\"http:\/\/www.hunde-oerv.at\/\" target=\"_blank\" rel=\"noopener noreferrer\">\u00d6sterreichischer Rassehunde Verein<\/a><\/p>\n<p><a href=\"http:\/\/www.working-dog.eu\/\" target=\"_blank\" rel=\"noopener noreferrer\">Working Dog<\/a><\/p>\n<p><a href=\"http:\/\/www.meradog.at\/\" target=\"_blank\" rel=\"noopener noreferrer\">Meradog<\/a><\/p>\n<p><a href=\"http:\/\/www.maerchenwald.at\/\" target=\"_blank\" rel=\"noopener noreferrer\">M\u00e4rchenwald St. Georgen<\/a><\/p>\n<p><a href=\"https:\/\/www.urtal.at\/\" target=\"_blank\" rel=\"noopener noreferrer\">Urtal &#8211; Die Urlaubsregion im Murtal<\/a><\/p>\n<p><a href=\"http:\/\/www.st-georgen-judenburg.at\/\" target=\"_blank\" rel=\"noopener noreferrer\">Gemeinde St. Georgen ob Judenburg<\/a><\/p>\n<p><a href=\"http:\/\/www.stoamugl.at\" target=\"_blank\" rel=\"noopener noreferrer\">Stoamugl &#8211; Stickerei Druckerei Werbetextilien<\/a><\/p>\n<p><a href=\"http:\/\/www.kleintierpraxis-murtal.at\/\" target=\"_blank\" rel=\"noopener noreferrer\">Kleintierpraxis Murtal<\/a><\/p>\n<p><a href=\"http:\/\/www.svoe-schaeferhund.at\/index.php\/ortsgruppen\/76-niederoesterreich\/405-og-16-wiener-neustadt\" target=\"_blank\" rel=\"noopener noreferrer\"> OG 16 Wiener Neustadt<\/a><\/p>\n<\/div>\n","protected":false},"excerpt":{"rendered":"<p>Der Tierarzt des Vertrauens von der Zuchtst\u00e4tte &#8222;von der Siegerstrasse&#8220; Tierarzt Dr. K\u00f6stenberger Interessante Links Facebook &#8222;von der Siegerstrasse&#8220; Sch\u00e4ferhundeverein \u00d6sterreich \u00d6sterreichischer Kynologenverband SV Deutschland FCI-WM Austria OG 46 Kapfenberg-Bruck Hypnose-Spezialist Marco Wrabl \u00d6sterreichischer Rassehunde Verein Working Dog Meradog M\u00e4rchenwald &hellip; <a href=\"https:\/\/www.siegerstrasse.at\/?page_id=99\">Weiter<\/a><\/p>\n","protected":false},"author":3,"featured_media":0,"parent":0,"menu_order":0,"comment_status":"closed","ping_status":"closed","template":"page-feature-sidebar.php","meta":{"kt_blocks_editor_width":"","footnotes":""},"_links":{"self":[{"href":"https:\/\/www.siegerstrasse.at\/index.php?rest_route=\/wp\/v2\/pages\/99"}],"collection":[{"href":"https:\/\/www.siegerstrasse.at\/index.php?rest_route=\/wp\/v2\/pages"}],"about":[{"href":"https:\/\/www.siegerstrasse.at\/index.php?rest_route=\/wp\/v2\/types\/page"}],"author":[{"embeddable":true,"href":"https:\/\/www.siegerstrasse.at\/index.php?rest_route=\/wp\/v2\/users\/3"}],"replies":[{"embeddable":true,"href":"https:\/\/www.siegerstrasse.at\/index.php?rest_route=%2Fwp%2Fv2%2Fcomments&post=99"}],"version-history":[{"count":16,"href":"https:\/\/www.siegerstrasse.at\/index.php?rest_route=\/wp\/v2\/pages\/99\/revisions"}],"predecessor-version":[{"id":4507,"href":"https:\/\/www.siegerstrasse.at\/index.php?rest_route=\/wp\/v2\/pages\/99\/revisions\/4507"}],"wp:attachment":[{"href":"https:\/\/www.siegerstrasse.at\/index.php?rest_route=%2Fwp%2Fv2%2Fmedia&parent=99"}],"curies":[{"name":"wp","href":"https:\/\/api.w.org\/{rel}","templated":true}]}}