{"id":74,"date":"2015-08-10T21:30:31","date_gmt":"2015-08-10T19:30:31","guid":{"rendered":"http:\/\/127.0.0.1\/wordpress\/?page_id=74"},"modified":"2015-09-24T20:02:14","modified_gmt":"2015-09-24T18:02:14","slug":"zuchthuendinnen","status":"publish","type":"page","link":"https:\/\/www.siegerstrasse.at\/?page_id=74","title":{"rendered":"Zuchth\u00fcndinnen"},"content":{"rendered":"<p>Derzeit habe ich folgende Zuchth\u00fcndinnen:<\/p>\n<ul>\n<li><a href=\"https:\/\/www.siegerstrasse.at\/?page_id=61\">&#8222;Eve&#8220; von der Siegerstrasse<\/a><\/li>\n<li><a href=\"https:\/\/www.siegerstrasse.at\/?page_id=63\">&#8222;Kira&#8220; von der Siegerstra\u00dfe<\/a><\/li>\n<li><a href=\"https:\/\/www.siegerstrasse.at\/?page_id=186\">&#8222;Nuri&#8220; von der Holzinger-Au<\/a><\/li>\n<li><a href=\"https:\/\/www.siegerstrasse.at\/?page_id=494\">&#8222;Gina&#8220; von den W\u00f6lfen<\/a><\/li>\n<\/ul>\n","protected":false},"excerpt":{"rendered":"<p>Derzeit habe ich folgende Zuchth\u00fcndinnen: &#8222;Eve&#8220; von der Siegerstrasse &#8222;Kira&#8220; von der Siegerstra\u00dfe &#8222;Nuri&#8220; von der Holzinger-Au &#8222;Gina&#8220; von den W\u00f6lfen<\/p>\n","protected":false},"author":3,"featured_media":0,"parent":101,"menu_order":0,"comment_status":"closed","ping_status":"closed","template":"page-feature.php","meta":{"kt_blocks_editor_width":"","footnotes":""},"_links":{"self":[{"href":"https:\/\/www.siegerstrasse.at\/index.php?rest_route=\/wp\/v2\/pages\/74"}],"collection":[{"href":"https:\/\/www.siegerstrasse.at\/index.php?rest_route=\/wp\/v2\/pages"}],"about":[{"href":"https:\/\/www.siegerstrasse.at\/index.php?rest_route=\/wp\/v2\/types\/page"}],"author":[{"embeddable":true,"href":"https:\/\/www.siegerstrasse.at\/index.php?rest_route=\/wp\/v2\/users\/3"}],"replies":[{"embeddable":true,"href":"https:\/\/www.siegerstrasse.at\/index.php?rest_route=%2Fwp%2Fv2%2Fcomments&post=74"}],"version-history":[{"count":2,"href":"https:\/\/www.siegerstrasse.at\/index.php?rest_route=\/wp\/v2\/pages\/74\/revisions"}],"predecessor-version":[{"id":672,"href":"https:\/\/www.siegerstrasse.at\/index.php?rest_route=\/wp\/v2\/pages\/74\/revisions\/672"}],"up":[{"embeddable":true,"href":"https:\/\/www.siegerstrasse.at\/index.php?rest_route=\/wp\/v2\/pages\/101"}],"wp:attachment":[{"href":"https:\/\/www.siegerstrasse.at\/index.php?rest_route=%2Fwp%2Fv2%2Fmedia&parent=74"}],"curies":[{"name":"wp","href":"https:\/\/api.w.org\/{rel}","templated":true}]}}