{"id":228,"date":"2015-08-20T19:46:41","date_gmt":"2015-08-20T17:46:41","guid":{"rendered":"http:\/\/127.0.0.1\/wordpress\/?page_id=228"},"modified":"2015-09-23T21:53:48","modified_gmt":"2015-09-23T19:53:48","slug":"trainings-dvd","status":"publish","type":"page","link":"https:\/\/www.siegerstrasse.at\/?page_id=228","title":{"rendered":"F\u00e4hrten-DVD"},"content":{"rendered":"<h4>Die neue F\u00e4hrten DVD &#8211; Schritt f\u00fcr Schritt vom Welpen bis zum Gebrauchshund<\/h4>\n<p>In dieser neuen DVD &#8211; &#8222;Aufbau der F\u00e4hrte vom Welpen bis zum Gebrauchshund&#8220;\u00a0 &#8211; vermittle ich Ihnen das Grundwissen, welches man zum Legen einer F\u00e4hrte ben\u00f6tigt. Weiters finden Sie auch hilfreiche Informationen, wie man sich beim Legen einer F\u00e4hrte richtig verh\u00e4lt.<\/p>\n<p>Diese DVD bezieht sich speziell auf die F\u00e4hrtenausbildung Ihrer Welpen. Schritt f\u00fcr Schritt zeige ich Ihnen den Aufbau vom ersten Ausarbeiten und Legen der F\u00e4hrte bis hin zum Verweisen im Welpenalter.<\/p>\n<p>&nbsp;<\/p>\n<p><strong>Preis f\u00fcr die DVD inkl. Versand<br \/>\n<\/strong><\/p>\n<div class=\"row\">\n<div class=\"col-md-4\">\n\n<p>innerhalb von \u00d6sterreich:<\/p>\n<p>au\u00dferhalb von \u00d6sterreich:<\/p>\n<\/div>\n<div class=\"col-md-8\">\n\n<p>EUR 30,00 per Nachnahme zzgl. Porto<\/p>\n<p>EUR 55,00 per \u00dcberweisung<\/p>\n<\/div>\n<\/div>\n<p>&nbsp;<\/p>\n<p><img loading=\"lazy\" decoding=\"async\" class=\"alignleft wp-image-637 size-medium\" src=\"https:\/\/www.siegerstrasse.at\/wp-content\/uploads\/2015\/08\/DSCN1972-300x225.jpg\" alt=\"Seminar\" width=\"300\" height=\"225\" srcset=\"https:\/\/www.siegerstrasse.at\/wp-content\/uploads\/2015\/08\/DSCN1972-300x225.jpg 300w, https:\/\/www.siegerstrasse.at\/wp-content\/uploads\/2015\/08\/DSCN1972-1024x768.jpg 1024w\" sizes=\"(max-width: 300px) 100vw, 300px\" \/><\/p>\n","protected":false},"excerpt":{"rendered":"<p>Die neue F\u00e4hrten DVD &#8211; Schritt f\u00fcr Schritt vom Welpen bis zum Gebrauchshund In dieser neuen DVD &#8211; &#8222;Aufbau der F\u00e4hrte vom Welpen bis zum Gebrauchshund&#8220;\u00a0 &#8211; vermittle ich Ihnen das Grundwissen, welches man zum Legen einer F\u00e4hrte ben\u00f6tigt. Weiters &hellip; <a href=\"https:\/\/www.siegerstrasse.at\/?page_id=228\">Weiter<\/a><\/p>\n","protected":false},"author":3,"featured_media":0,"parent":0,"menu_order":0,"comment_status":"closed","ping_status":"closed","template":"page-feature-sidebar.php","meta":{"kt_blocks_editor_width":"","footnotes":""},"_links":{"self":[{"href":"https:\/\/www.siegerstrasse.at\/index.php?rest_route=\/wp\/v2\/pages\/228"}],"collection":[{"href":"https:\/\/www.siegerstrasse.at\/index.php?rest_route=\/wp\/v2\/pages"}],"about":[{"href":"https:\/\/www.siegerstrasse.at\/index.php?rest_route=\/wp\/v2\/types\/page"}],"author":[{"embeddable":true,"href":"https:\/\/www.siegerstrasse.at\/index.php?rest_route=\/wp\/v2\/users\/3"}],"replies":[{"embeddable":true,"href":"https:\/\/www.siegerstrasse.at\/index.php?rest_route=%2Fwp%2Fv2%2Fcomments&post=228"}],"version-history":[{"count":4,"href":"https:\/\/www.siegerstrasse.at\/index.php?rest_route=\/wp\/v2\/pages\/228\/revisions"}],"predecessor-version":[{"id":638,"href":"https:\/\/www.siegerstrasse.at\/index.php?rest_route=\/wp\/v2\/pages\/228\/revisions\/638"}],"wp:attachment":[{"href":"https:\/\/www.siegerstrasse.at\/index.php?rest_route=%2Fwp%2Fv2%2Fmedia&parent=228"}],"curies":[{"name":"wp","href":"https:\/\/api.w.org\/{rel}","templated":true}]}}