{"id":101,"date":"2015-08-10T21:59:06","date_gmt":"2015-08-10T19:59:06","guid":{"rendered":"http:\/\/127.0.0.1\/wordpress\/?page_id=101"},"modified":"2015-10-11T13:41:31","modified_gmt":"2015-10-11T11:41:31","slug":"ueber-uns","status":"publish","type":"page","link":"https:\/\/www.siegerstrasse.at\/?page_id=101","title":{"rendered":"\u00dcber uns"},"content":{"rendered":"<p>&nbsp;<\/p>\n<p>Seit 1999 z\u00fcchte ich Deutsche Sch\u00e4ferhunde unter dem Zwingernamen <em>&#8222;Von der Siegerstra\u00dfe&#8220;<\/em>. Aus bislang zw\u00f6lf W\u00fcrfen kamen ungef\u00e4hr 80 gesunde und wesensfeste Welpen auf die Welt, die Hundeliebhabern echt Freude bereiten. Die Zucht bedeutet mir sehr viel, und ich versuchen stets gesunde und leistungsorientierte Hunde zu z\u00fcchten. Dies k\u00f6nnen die Besitzer der Tiere &#8222;Von der Siegerstra\u00dfe&#8220; best\u00e4tigen, die ihrerseits auch auf viele Erfolge bei diversen Events verweisen k\u00f6nnen.<\/p>\n<p>Den bisher gr\u00f6\u00dften Erfolg erreichte unser gez\u00fcchteter R\u00fcde &#8222;Eyk von der Siegerstra\u00dfe&#8220;. Hundef\u00fchrer Hans Pronebner ist mit ihm bei der WUSV-Weltmeisterschaft 2012 in Steyr gestartet.<\/p>\n<p>Ich habe alle \u00d6KV-Trainerpr\u00fcfungen abgelegt und bei vielen Wettk\u00e4mpfen und Meisterschaften selbst erfolgreich teilgenommen. Im Jahr 2015 wurde mir auch die Ehre zu Teil, vom \u00d6sterreichischen Konologen-Verband (\u00d6KV) f\u00fcr au\u00dfergew\u00f6hnliche Leistung in der Zucht f\u00fcr Deutsche Sch\u00e4ferhunde das Z\u00fcchterabzeichen in Bronze verliehen zu bekommen.<\/p>\n<p>&nbsp;<\/p>\n<p><strong>Mein Leitsatz<\/strong><\/p>\n<p><em>Die Hunde positiv zum Spielen und zum Arbeiten animieren!<\/em><\/p>\n<p>&nbsp;<\/p>\n<p><strong>Teilnahmen und Erfolge<br \/>\n<\/strong><\/p>\n<ul>\n<li>Teilnahme als Pr\u00fcfungsleiter, Verantaltungsleiter bei Weltmeisterschaften, Europameisterschaften, Bundesmeisterschaften<\/li>\n<li>Teilnehmer bei den besten 12 Deutscher Sch\u00e4ferhunde in \u00d6sterreich mit Gina von den W\u00f6lfen<\/li>\n<li>Teilnehmer beim 7-L\u00e4nderwettkampf f\u00fcr Deutsche Sch\u00e4ferhunde(BRD) mit Gina von den W\u00f6lfen<\/li>\n<li>Teilnehmer bei FCI-WUSV-Weltmeisterschafts-Ausscheidungen mit Gina von den W\u00f6lfen<\/li>\n<li>Teilnehmer bei SV\u00d6 Bundesmeisterschaften mit Gina von den W\u00f6lfen<\/li>\n<li>Teilnehmer Landesmeisterschaften Steiermark<\/li>\n<li>Teilnahme bei div. F\u00e4hrtenhunde Turnieren<\/li>\n<li>Teilnahme bei FCI-WUSV Weltmeisterausscheidungen<\/li>\n<li>Alle von mir bisher gef\u00fchrten Hunden haben bis zur h\u00f6chsten Pr\u00fcfungsstufe erreicht<\/li>\n<\/ul>\n<p>&nbsp;<\/p>\n<p><strong>Mitgliedschaften<\/strong><\/p>\n<ul>\n<li>seit 1985 beim \u00d6KV<\/li>\n<li>seit 1988 beim SV\u00d6<\/li>\n<li>OG 046 Kapfenberg-Bruck<\/li>\n<\/ul>\n<p>&nbsp;<\/p>\n","protected":false},"excerpt":{"rendered":"<p>&nbsp; Seit 1999 z\u00fcchte ich Deutsche Sch\u00e4ferhunde unter dem Zwingernamen &#8222;Von der Siegerstra\u00dfe&#8220;. Aus bislang zw\u00f6lf W\u00fcrfen kamen ungef\u00e4hr 80 gesunde und wesensfeste Welpen auf die Welt, die Hundeliebhabern echt Freude bereiten. Die Zucht bedeutet mir sehr viel, und ich &hellip; <a href=\"https:\/\/www.siegerstrasse.at\/?page_id=101\">Weiter<\/a><\/p>\n","protected":false},"author":3,"featured_media":0,"parent":0,"menu_order":0,"comment_status":"closed","ping_status":"closed","template":"page-feature-sidebar.php","meta":{"kt_blocks_editor_width":"","footnotes":""},"_links":{"self":[{"href":"https:\/\/www.siegerstrasse.at\/index.php?rest_route=\/wp\/v2\/pages\/101"}],"collection":[{"href":"https:\/\/www.siegerstrasse.at\/index.php?rest_route=\/wp\/v2\/pages"}],"about":[{"href":"https:\/\/www.siegerstrasse.at\/index.php?rest_route=\/wp\/v2\/types\/page"}],"author":[{"embeddable":true,"href":"https:\/\/www.siegerstrasse.at\/index.php?rest_route=\/wp\/v2\/users\/3"}],"replies":[{"embeddable":true,"href":"https:\/\/www.siegerstrasse.at\/index.php?rest_route=%2Fwp%2Fv2%2Fcomments&post=101"}],"version-history":[{"count":3,"href":"https:\/\/www.siegerstrasse.at\/index.php?rest_route=\/wp\/v2\/pages\/101\/revisions"}],"predecessor-version":[{"id":918,"href":"https:\/\/www.siegerstrasse.at\/index.php?rest_route=\/wp\/v2\/pages\/101\/revisions\/918"}],"wp:attachment":[{"href":"https:\/\/www.siegerstrasse.at\/index.php?rest_route=%2Fwp%2Fv2%2Fmedia&parent=101"}],"curies":[{"name":"wp","href":"https:\/\/api.w.org\/{rel}","templated":true}]}}